{"id":157,"date":"2025-01-14T18:47:37","date_gmt":"2025-01-14T17:47:37","guid":{"rendered":"https:\/\/sophie-soins-energetiques-cannes.com\/?page_id=157"},"modified":"2025-11-03T15:14:46","modified_gmt":"2025-11-03T14:14:46","slug":"rituels","status":"publish","type":"page","link":"https:\/\/sophie-soins-energetiques-cannes.com\/index.php\/rituels\/","title":{"rendered":"Rituels"},"content":{"rendered":"\t\t<div data-elementor-type=\"wp-page\" data-elementor-id=\"157\" class=\"elementor elementor-157\">\n\t\t\t\t<div class=\"elementor-element elementor-element-9656774 e-flex e-con-boxed e-con e-parent\" data-id=\"9656774\" data-element_type=\"container\" data-e-type=\"container\">\n\t\t\t\t\t<div class=\"e-con-inner\">\n\t\t<div class=\"elementor-element elementor-element-307f150 e-con-full e-flex e-con e-child\" data-id=\"307f150\" data-element_type=\"container\" data-e-type=\"container\">\n\t\t\t\t<div class=\"elementor-element elementor-element-b2f1574 elementor-widget elementor-widget-heading\" data-id=\"b2f1574\" data-element_type=\"widget\" data-e-type=\"widget\" data-widget_type=\"heading.default\">\n\t\t\t\t<div class=\"elementor-widget-container\">\n\t\t\t\t\t<h2 class=\"elementor-heading-title elementor-size-default\">Pourquoi ? Pour qui ?<\/h2>\t\t\t\t<\/div>\n\t\t\t\t<\/div>\n\t\t\t\t<div class=\"elementor-element elementor-element-13533b4 elementor-widget__width-initial elementor-widget elementor-widget-text-editor\" data-id=\"13533b4\" data-element_type=\"widget\" data-e-type=\"widget\" data-widget_type=\"text-editor.default\">\n\t\t\t\t<div class=\"elementor-widget-container\">\n\t\t\t\t\t\t\t\t\t<p>Les rituels \u00e9nerg\u00e9tiques permettent de <strong data-start=\"281\" data-end=\"322\">d\u00e9programmer les croyances limitantes<\/strong> et de lib\u00e9rer les blocages inconscients qui freinent votre \u00e9volution personnelle. Ils sont particuli\u00e8rement adapt\u00e9s aux personnes souhaitant se lib\u00e9rer de traumatismes pass\u00e9s, de peurs, de phobies, d\u2019addictions ou de sch\u00e9mas r\u00e9p\u00e9titifs. Chaque rituel est <strong data-start=\"578\" data-end=\"639\">r\u00e9alis\u00e9 en compl\u00e9ment d\u2019un suivi psychologique ou m\u00e9dical<\/strong>, garantissant un accompagnement s\u00e9curisant et respectueux.<\/p><p>Un rituel peut-\u00eatre pratiqu\u00e9 de fa\u00e7on \u00e9nerg\u00e9tique ou chamanique.<\/p>\t\t\t\t\t\t\t\t<\/div>\n\t\t\t\t<\/div>\n\t\t\t\t<\/div>\n\t\t<div class=\"elementor-element elementor-element-3c46f73 e-con-full e-flex e-con e-child\" data-id=\"3c46f73\" data-element_type=\"container\" data-e-type=\"container\">\n\t\t\t\t<div class=\"elementor-element elementor-element-0de009e elementor-widget elementor-widget-image\" data-id=\"0de009e\" data-element_type=\"widget\" data-e-type=\"widget\" data-widget_type=\"image.default\">\n\t\t\t\t<div class=\"elementor-widget-container\">\n\t\t\t\t\t\t\t\t\t\t\t\t\t\t\t<img fetchpriority=\"high\" decoding=\"async\" width=\"250\" height=\"400\" src=\"https:\/\/sophie-soins-energetiques-cannes.com\/wp-content\/uploads\/2025\/01\/sophie-renac-rituels-bougies.jpg\" class=\"attachment-large size-large wp-image-301\" alt=\"Rituel \u00e9nerg\u00e9tique bougies\" srcset=\"https:\/\/sophie-soins-energetiques-cannes.com\/wp-content\/uploads\/2025\/01\/sophie-renac-rituels-bougies.jpg 250w, https:\/\/sophie-soins-energetiques-cannes.com\/wp-content\/uploads\/2025\/01\/sophie-renac-rituels-bougies-188x300.jpg 188w\" sizes=\"(max-width: 250px) 100vw, 250px\" \/>\t\t\t\t\t\t\t\t\t\t\t\t\t\t\t<\/div>\n\t\t\t\t<\/div>\n\t\t\t\t<\/div>\n\t\t\t\t\t<\/div>\n\t\t\t\t<\/div>\n\t\t<div class=\"elementor-element elementor-element-ff3020e e-flex e-con-boxed e-con e-parent\" data-id=\"ff3020e\" data-element_type=\"container\" data-e-type=\"container\">\n\t\t\t\t\t<div class=\"e-con-inner\">\n\t\t\t\t<div class=\"elementor-element elementor-element-2336062 elementor-widget elementor-widget-heading\" data-id=\"2336062\" data-element_type=\"widget\" data-e-type=\"widget\" data-widget_type=\"heading.default\">\n\t\t\t\t<div class=\"elementor-widget-container\">\n\t\t\t\t\t<h2 class=\"elementor-heading-title elementor-size-default\">Rituel du pardon et recouvrement d\u2019\u00e2me<\/h2>\t\t\t\t<\/div>\n\t\t\t\t<\/div>\n\t\t\t\t<div class=\"elementor-element elementor-element-6477cf1 elementor-widget elementor-widget-text-editor\" data-id=\"6477cf1\" data-element_type=\"widget\" data-e-type=\"widget\" data-widget_type=\"text-editor.default\">\n\t\t\t\t<div class=\"elementor-widget-container\">\n\t\t\t\t\t\t\t\t\t<p>Ce rituel vise \u00e0 restaurer l\u2019int\u00e9grit\u00e9 de votre \u00e9nergie apr\u00e8s un traumatisme v\u00e9cu. Il permet de retrouver <strong data-start=\"853\" data-end=\"906\">paix int\u00e9rieure, s\u00e9r\u00e9nit\u00e9 et \u00e9quilibre \u00e9motionnel<\/strong>. Gr\u00e2ce \u00e0 cette approche, les \u00e9motions n\u00e9gatives peuvent \u00eatre lib\u00e9r\u00e9es et l\u2019\u00e9nergie vitale restaur\u00e9e.<\/p><p>Cette approche peut \u00eatre \u00e9nerg\u00e9tique ou chamanique.<\/p>\t\t\t\t\t\t\t\t<\/div>\n\t\t\t\t<\/div>\n\t\t\t\t\t<\/div>\n\t\t\t\t<\/div>\n\t\t<div class=\"elementor-element elementor-element-afe468c e-flex e-con-boxed e-con e-parent\" data-id=\"afe468c\" data-element_type=\"container\" data-e-type=\"container\">\n\t\t\t\t\t<div class=\"e-con-inner\">\n\t\t\t\t<div class=\"elementor-element elementor-element-755338e elementor-widget elementor-widget-heading\" data-id=\"755338e\" data-element_type=\"widget\" data-e-type=\"widget\" data-widget_type=\"heading.default\">\n\t\t\t\t<div class=\"elementor-widget-container\">\n\t\t\t\t\t<h2 class=\"elementor-heading-title elementor-size-default\"><strong data-start=\"1011\" data-end=\"1044\">Lib\u00e9ration des v\u0153ux karmiques<\/strong><\/h2>\t\t\t\t<\/div>\n\t\t\t\t<\/div>\n\t\t\t\t<div class=\"elementor-element elementor-element-6c0cd16 elementor-widget elementor-widget-text-editor\" data-id=\"6c0cd16\" data-element_type=\"widget\" data-e-type=\"widget\" data-widget_type=\"text-editor.default\">\n\t\t\t\t<div class=\"elementor-widget-container\">\n\t\t\t\t\t\t\t\t\t<article class=\"text-token-text-primary w-full focus:outline-none [--shadow-height:45px] has-data-writing-block:pointer-events-none has-data-writing-block:-mt-(--shadow-height) has-data-writing-block:pt-(--shadow-height) [&amp;:has([data-writing-block])&gt;*]:pointer-events-auto [content-visibility:auto] supports-[content-visibility:auto]:[contain-intrinsic-size:auto_100lvh] scroll-mt-[calc(var(--header-height)+min(200px,max(70px,20svh)))]\" dir=\"auto\" tabindex=\"-1\" data-turn-id=\"request-WEB:7f3ca8aa-7e98-4f38-abbd-fa6266ec481d-39\" data-testid=\"conversation-turn-80\" data-scroll-anchor=\"true\" data-turn=\"assistant\"><div class=\"text-base my-auto mx-auto pb-10 [--thread-content-margin:--spacing(4)] thread-sm:[--thread-content-margin:--spacing(6)] thread-lg:[--thread-content-margin:--spacing(16)] px-(--thread-content-margin)\"><div class=\"[--thread-content-max-width:40rem] thread-lg:[--thread-content-max-width:48rem] mx-auto max-w-(--thread-content-max-width) flex-1 group\/turn-messages focus-visible:outline-hidden relative flex w-full min-w-0 flex-col agent-turn\" tabindex=\"-1\"><div class=\"flex max-w-full flex-col grow\"><div class=\"min-h-8 text-message relative flex w-full flex-col items-end gap-2 text-start break-words whitespace-normal [.text-message+&amp;]:mt-1\" dir=\"auto\" data-message-author-role=\"assistant\" data-message-id=\"57180706-d60f-4262-b960-be51f51ea5f7\" data-message-model-slug=\"gpt-5-mini\"><div class=\"flex w-full flex-col gap-1 empty:hidden first:pt-[1px]\"><div class=\"markdown prose dark:prose-invert w-full break-words light markdown-new-styling\"><p data-start=\"1011\" data-end=\"1566\">Le rituel de mue et de karma aide \u00e0 <strong data-start=\"1083\" data-end=\"1175\">d\u00e9programmer les v\u0153ux \u00e9mis lors d\u2019une vie ant\u00e9rieure ou transmis par la lign\u00e9e familiale<\/strong>. Ce protocole inclut un suivi un mois apr\u00e8s la s\u00e9ance, avec un accompagnement pour reprogrammer les sch\u00e9mas h\u00e9rit\u00e9s et cr\u00e9er un nouveau programme \u00e9nerg\u00e9tique. Deux s\u00e9ances sont n\u00e9cessaires, espac\u00e9es d\u2019au moins 21 jours.<br data-start=\"1395\" data-end=\"1398\" \/>L\u2019objectif est de permettre \u00e0 votre \u00e9nergie de <strong data-start=\"1445\" data-end=\"1468\">rayonner pleinement<\/strong>. Cette lib\u00e9ration b\u00e9n\u00e9ficie \u00e9galement \u00e0 votre famille, aux anc\u00eatres et aux g\u00e9n\u00e9rations futures.<\/p><\/div><\/div><\/div><\/div><\/div><\/div><\/article>\t\t\t\t\t\t\t\t<\/div>\n\t\t\t\t<\/div>\n\t\t\t\t\t<\/div>\n\t\t\t\t<\/div>\n\t\t<div class=\"elementor-element elementor-element-371755f e-flex e-con-boxed e-con e-parent\" data-id=\"371755f\" data-element_type=\"container\" data-e-type=\"container\">\n\t\t\t\t\t<div class=\"e-con-inner\">\n\t\t\t\t<div class=\"elementor-element elementor-element-07c913b elementor-widget elementor-widget-heading\" data-id=\"07c913b\" data-element_type=\"widget\" data-e-type=\"widget\" data-widget_type=\"heading.default\">\n\t\t\t\t<div class=\"elementor-widget-container\">\n\t\t\t\t\t<h2 class=\"elementor-heading-title elementor-size-default\">Chemin de vie pour d\u00e9programmer<\/h2>\t\t\t\t<\/div>\n\t\t\t\t<\/div>\n\t\t\t\t\t<\/div>\n\t\t\t\t<\/div>\n\t\t<div class=\"elementor-element elementor-element-d00d59c e-flex e-con-boxed e-con e-parent\" data-id=\"d00d59c\" data-element_type=\"container\" data-e-type=\"container\">\n\t\t\t\t\t<div class=\"e-con-inner\">\n\t\t<div class=\"elementor-element elementor-element-bfe94ed e-con-full e-flex e-con e-child\" data-id=\"bfe94ed\" data-element_type=\"container\" data-e-type=\"container\">\n\t\t\t\t<div class=\"elementor-element elementor-element-3f96e3a elementor-widget elementor-widget-text-editor\" data-id=\"3f96e3a\" data-element_type=\"widget\" data-e-type=\"widget\" data-widget_type=\"text-editor.default\">\n\t\t\t\t<div class=\"elementor-widget-container\">\n\t\t\t\t\t\t\t\t\t<article class=\"text-token-text-primary w-full focus:outline-none [--shadow-height:45px] has-data-writing-block:pointer-events-none has-data-writing-block:-mt-(--shadow-height) has-data-writing-block:pt-(--shadow-height) [&amp;:has([data-writing-block])&gt;*]:pointer-events-auto [content-visibility:auto] supports-[content-visibility:auto]:[contain-intrinsic-size:auto_100lvh] scroll-mt-[calc(var(--header-height)+min(200px,max(70px,20svh)))]\" dir=\"auto\" tabindex=\"-1\" data-turn-id=\"request-WEB:7f3ca8aa-7e98-4f38-abbd-fa6266ec481d-39\" data-testid=\"conversation-turn-80\" data-scroll-anchor=\"true\" data-turn=\"assistant\"><div class=\"text-base my-auto mx-auto pb-10 [--thread-content-margin:--spacing(4)] thread-sm:[--thread-content-margin:--spacing(6)] thread-lg:[--thread-content-margin:--spacing(16)] px-(--thread-content-margin)\"><div class=\"[--thread-content-max-width:40rem] thread-lg:[--thread-content-max-width:48rem] mx-auto max-w-(--thread-content-max-width) flex-1 group\/turn-messages focus-visible:outline-hidden relative flex w-full min-w-0 flex-col agent-turn\" tabindex=\"-1\"><div class=\"flex max-w-full flex-col grow\"><div class=\"min-h-8 text-message relative flex w-full flex-col items-end gap-2 text-start break-words whitespace-normal [.text-message+&amp;]:mt-1\" dir=\"auto\" data-message-author-role=\"assistant\" data-message-id=\"57180706-d60f-4262-b960-be51f51ea5f7\" data-message-model-slug=\"gpt-5-mini\"><div class=\"flex w-full flex-col gap-1 empty:hidden first:pt-[1px]\"><div class=\"markdown prose dark:prose-invert w-full break-words light markdown-new-styling\"><p data-start=\"1568\" data-end=\"1894\">Ce soin profond travaille sur la <strong data-start=\"1639\" data-end=\"1690\">racine des traumatismes et croyances limitantes<\/strong>, qu\u2019ils soient v\u00e9cus ou transmis inconsciemment. En remontant dans le temps, nous identifions les blocages et les transformons afin d\u2019ouvrir un <strong data-start=\"1835\" data-end=\"1860\">nouveau chemin de vie<\/strong>, plus harmonieux et lib\u00e9rateur.<\/p><p data-start=\"1896\" data-end=\"2246\"><strong data-start=\"1896\" data-end=\"1930\">Pour les enfants jusqu\u2019\u00e0 7 ans<\/strong><br data-start=\"1930\" data-end=\"1933\" \/>Le soin \u00e9nerg\u00e9tique commence par un travail sur la m\u00e8re, car l\u2019enfant est connect\u00e9 \u00e0 elle jusqu\u2019\u00e0 cet \u00e2ge. Ce protocole traite les <strong data-start=\"2064\" data-end=\"2109\">m\u00e9moires transmises de la m\u00e8re \u00e0 l\u2019enfant<\/strong>, depuis six mois avant la conception jusqu\u2019\u00e0 l\u2019\u00e2ge actuel de l\u2019enfant, favorisant un \u00e9panouissement \u00e9nerg\u00e9tique d\u00e8s le plus jeune \u00e2ge.<\/p><\/div><\/div><\/div><\/div><\/div><\/div><\/article>\t\t\t\t\t\t\t\t<\/div>\n\t\t\t\t<\/div>\n\t\t\t\t<\/div>\n\t\t<div class=\"elementor-element elementor-element-73972e3 e-con-full e-flex e-con e-child\" data-id=\"73972e3\" data-element_type=\"container\" data-e-type=\"container\">\n\t\t\t\t<div class=\"elementor-element elementor-element-3ade29f elementor-widget elementor-widget-image\" data-id=\"3ade29f\" data-element_type=\"widget\" data-e-type=\"widget\" data-widget_type=\"image.default\">\n\t\t\t\t<div class=\"elementor-widget-container\">\n\t\t\t\t\t\t\t\t\t\t\t\t\t\t\t<img decoding=\"async\" width=\"150\" height=\"500\" src=\"https:\/\/sophie-soins-energetiques-cannes.com\/wp-content\/uploads\/2025\/01\/sophie-renac-rituels.jpg\" class=\"attachment-medium_large size-medium_large wp-image-297\" alt=\"Chemin dans la for\u00eat symbolisant le parcours de lib\u00e9ration \u00e9nerg\u00e9tique\" srcset=\"https:\/\/sophie-soins-energetiques-cannes.com\/wp-content\/uploads\/2025\/01\/sophie-renac-rituels.jpg 150w, https:\/\/sophie-soins-energetiques-cannes.com\/wp-content\/uploads\/2025\/01\/sophie-renac-rituels-90x300.jpg 90w\" sizes=\"(max-width: 150px) 100vw, 150px\" \/>\t\t\t\t\t\t\t\t\t\t\t\t\t\t\t<\/div>\n\t\t\t\t<\/div>\n\t\t\t\t<\/div>\n\t\t\t\t\t<\/div>\n\t\t\t\t<\/div>\n\t\t<div class=\"elementor-element elementor-element-300663d e-flex e-con-boxed e-con e-parent\" data-id=\"300663d\" data-element_type=\"container\" data-e-type=\"container\">\n\t\t\t\t\t<div class=\"e-con-inner\">\n\t\t<div class=\"elementor-element elementor-element-567551f e-con-full e-flex e-con e-child\" data-id=\"567551f\" data-element_type=\"container\" data-e-type=\"container\">\n\t\t\t\t<div class=\"elementor-element elementor-element-99600ea elementor-align-center elementor-widget elementor-widget-button\" data-id=\"99600ea\" data-element_type=\"widget\" data-e-type=\"widget\" data-widget_type=\"button.default\">\n\t\t\t\t<div class=\"elementor-widget-container\">\n\t\t\t\t\t\t\t\t\t<div class=\"elementor-button-wrapper\">\n\t\t\t\t\t<a class=\"elementor-button elementor-button-link elementor-size-sm\" href=\"https:\/\/sophie-soins-energetiques-cannes.com\/index.php\/soins-energetiques\/\">\n\t\t\t\t\t\t<span class=\"elementor-button-content-wrapper\">\n\t\t\t\t\t\t<span class=\"elementor-button-icon\">\n\t\t\t\t<svg aria-hidden=\"true\" class=\"e-font-icon-svg e-far-hand-point-right\" viewBox=\"0 0 512 512\" xmlns=\"http:\/\/www.w3.org\/2000\/svg\"><path d=\"M428.8 137.6h-86.177a115.52 115.52 0 0 0 2.176-22.4c0-47.914-35.072-83.2-92-83.2-45.314 0-57.002 48.537-75.707 78.784-7.735 12.413-16.994 23.317-25.851 33.253l-.131.146-.129.148C135.662 161.807 127.764 168 120.8 168h-2.679c-5.747-4.952-13.536-8-22.12-8H32c-17.673 0-32 12.894-32 28.8v230.4C0 435.106 14.327 448 32 448h64c8.584 0 16.373-3.048 22.12-8h2.679c28.688 0 67.137 40 127.2 40h21.299c62.542 0 98.8-38.658 99.94-91.145 12.482-17.813 18.491-40.785 15.985-62.791A93.148 93.148 0 0 0 393.152 304H428.8c45.435 0 83.2-37.584 83.2-83.2 0-45.099-38.101-83.2-83.2-83.2zm0 118.4h-91.026c12.837 14.669 14.415 42.825-4.95 61.05 11.227 19.646 1.687 45.624-12.925 53.625 6.524 39.128-10.076 61.325-50.6 61.325H248c-45.491 0-77.21-35.913-120-39.676V215.571c25.239-2.964 42.966-21.222 59.075-39.596 11.275-12.65 21.725-25.3 30.799-39.875C232.355 112.712 244.006 80 252.8 80c23.375 0 44 8.8 44 35.2 0 35.2-26.4 53.075-26.4 70.4h158.4c18.425 0 35.2 16.5 35.2 35.2 0 18.975-16.225 35.2-35.2 35.2zM88 384c0 13.255-10.745 24-24 24s-24-10.745-24-24 10.745-24 24-24 24 10.745 24 24z\"><\/path><\/svg>\t\t\t<\/span>\n\t\t\t\t\t\t\t\t\t<span class=\"elementor-button-text\">Pour le d\u00e9roulement d'une s\u00e9ance, voir ici<\/span>\n\t\t\t\t\t<\/span>\n\t\t\t\t\t<\/a>\n\t\t\t\t<\/div>\n\t\t\t\t\t\t\t\t<\/div>\n\t\t\t\t<\/div>\n\t\t\t\t<\/div>\n\t\t\t\t\t<\/div>\n\t\t\t\t<\/div>\n\t\t\t\t<\/div>\n\t\t","protected":false},"excerpt":{"rendered":"<p>Pourquoi ? Pour qui ? Les rituels \u00e9nerg\u00e9tiques permettent de d\u00e9programmer les croyances limitantes et de lib\u00e9rer les blocages inconscients qui freinent votre \u00e9volution personnelle.&hellip;<\/p>\n","protected":false},"author":1,"featured_media":0,"parent":0,"menu_order":0,"comment_status":"closed","ping_status":"closed","template":"","meta":{"om_disable_all_campaigns":false,"_monsterinsights_skip_tracking":false,"_monsterinsights_sitenote_active":false,"_monsterinsights_sitenote_note":"","_monsterinsights_sitenote_category":0,"footnotes":""},"class_list":["post-157","page","type-page","status-publish","hentry"],"aioseo_notices":[],"_links":{"self":[{"href":"https:\/\/sophie-soins-energetiques-cannes.com\/index.php\/wp-json\/wp\/v2\/pages\/157","targetHints":{"allow":["GET"]}}],"collection":[{"href":"https:\/\/sophie-soins-energetiques-cannes.com\/index.php\/wp-json\/wp\/v2\/pages"}],"about":[{"href":"https:\/\/sophie-soins-energetiques-cannes.com\/index.php\/wp-json\/wp\/v2\/types\/page"}],"author":[{"embeddable":true,"href":"https:\/\/sophie-soins-energetiques-cannes.com\/index.php\/wp-json\/wp\/v2\/users\/1"}],"replies":[{"embeddable":true,"href":"https:\/\/sophie-soins-energetiques-cannes.com\/index.php\/wp-json\/wp\/v2\/comments?post=157"}],"version-history":[{"count":52,"href":"https:\/\/sophie-soins-energetiques-cannes.com\/index.php\/wp-json\/wp\/v2\/pages\/157\/revisions"}],"predecessor-version":[{"id":835,"href":"https:\/\/sophie-soins-energetiques-cannes.com\/index.php\/wp-json\/wp\/v2\/pages\/157\/revisions\/835"}],"wp:attachment":[{"href":"https:\/\/sophie-soins-energetiques-cannes.com\/index.php\/wp-json\/wp\/v2\/media?parent=157"}],"curies":[{"name":"wp","href":"https:\/\/api.w.org\/{rel}","templated":true}]}}