{"id":108,"date":"2025-01-14T18:01:17","date_gmt":"2025-01-14T17:01:17","guid":{"rendered":"https:\/\/sophie-soins-energetiques-cannes.com\/?page_id=108"},"modified":"2025-11-03T15:21:29","modified_gmt":"2025-11-03T14:21:29","slug":"qui-suis-je","status":"publish","type":"page","link":"https:\/\/sophie-soins-energetiques-cannes.com\/index.php\/qui-suis-je\/","title":{"rendered":"Qui suis-je ?"},"content":{"rendered":"\t\t<div data-elementor-type=\"wp-page\" data-elementor-id=\"108\" class=\"elementor elementor-108\">\n\t\t\t\t<div class=\"elementor-element elementor-element-eeccccb e-flex e-con-boxed e-con e-parent\" data-id=\"eeccccb\" data-element_type=\"container\" data-e-type=\"container\">\n\t\t\t\t\t<div class=\"e-con-inner\">\n\t\t\t\t<div class=\"elementor-element elementor-element-ebb3c35 elementor-widget elementor-widget-heading\" data-id=\"ebb3c35\" data-element_type=\"widget\" data-e-type=\"widget\" data-widget_type=\"heading.default\">\n\t\t\t\t<div class=\"elementor-widget-container\">\n\t\t\t\t\t<h2 class=\"elementor-heading-title elementor-size-default\">Sophie Renac<\/h2>\t\t\t\t<\/div>\n\t\t\t\t<\/div>\n\t\t\t\t\t<\/div>\n\t\t\t\t<\/div>\n\t\t<div class=\"elementor-element elementor-element-f4c2ae2 e-flex e-con-boxed e-con e-parent\" data-id=\"f4c2ae2\" data-element_type=\"container\" data-e-type=\"container\">\n\t\t\t\t\t<div class=\"e-con-inner\">\n\t\t<div class=\"elementor-element elementor-element-b2dac75 e-con-full e-flex e-con e-child\" data-id=\"b2dac75\" data-element_type=\"container\" data-e-type=\"container\">\n\t\t\t\t<div class=\"elementor-element elementor-element-8a1e71b elementor-widget elementor-widget-heading\" data-id=\"8a1e71b\" data-element_type=\"widget\" data-e-type=\"widget\" data-widget_type=\"heading.default\">\n\t\t\t\t<div class=\"elementor-widget-container\">\n\t\t\t\t\t<h3 class=\"elementor-heading-title elementor-size-default\">Qui suis-je ?<\/h3>\t\t\t\t<\/div>\n\t\t\t\t<\/div>\n\t\t\t\t<div class=\"elementor-element elementor-element-240404e elementor-widget elementor-widget-text-editor\" data-id=\"240404e\" data-element_type=\"widget\" data-e-type=\"widget\" data-widget_type=\"text-editor.default\">\n\t\t\t\t<div class=\"elementor-widget-container\">\n\t\t\t\t\t\t\t\t\t<p>Je suis Sophie RENAC, th\u00e9rapeute \u00e9nerg\u00e9ticienne et chamanique sp\u00e9cialis\u00e9e en <strong><a title=\"Magn\u00e9tisme\" href=\"https:\/\/sophie-soins-energetiques-cannes.com\/index.php\/magnetisme-cannes\/\">magn\u00e9tisme<\/a>, <a title=\"Radiesth\u00e9sie\" href=\"https:\/\/sophie-soins-energetiques-cannes.com\/index.php\/radiesthesie\/\">radiesth\u00e9sie<\/a>, coupure de feu et <a title=\"Rituels\" href=\"https:\/\/sophie-soins-energetiques-cannes.com\/index.php\/rituels\/\">rituels<\/a><\/strong>.<\/p><p>Attir\u00e9e depuis mon adolescence par tout ce qui concerne le monde invisible, je me nourris depuis 3 ans de la s\u00e9r\u00e9nit\u00e9 et de l\u2019atmosph\u00e8re zen et m\u00e9ditative des divers enseignements re\u00e7us.<\/p>\t\t\t\t\t\t\t\t<\/div>\n\t\t\t\t<\/div>\n\t\t\t\t<\/div>\n\t\t<div class=\"elementor-element elementor-element-f715516 e-con-full e-flex e-con e-child\" data-id=\"f715516\" data-element_type=\"container\" data-e-type=\"container\">\n\t\t\t\t<div class=\"elementor-element elementor-element-df00280 elementor-widget elementor-widget-image\" data-id=\"df00280\" data-element_type=\"widget\" data-e-type=\"widget\" data-widget_type=\"image.default\">\n\t\t\t\t<div class=\"elementor-widget-container\">\n\t\t\t\t\t\t\t\t\t\t\t\t\t\t\t<img fetchpriority=\"high\" decoding=\"async\" width=\"250\" height=\"250\" src=\"https:\/\/sophie-soins-energetiques-cannes.com\/wp-content\/uploads\/2025\/01\/sophie-renac-qui-suis-je.jpg\" class=\"attachment-medium size-medium wp-image-111\" alt=\"Sophie Renac - Magn\u00e9tisme\" srcset=\"https:\/\/sophie-soins-energetiques-cannes.com\/wp-content\/uploads\/2025\/01\/sophie-renac-qui-suis-je.jpg 250w, https:\/\/sophie-soins-energetiques-cannes.com\/wp-content\/uploads\/2025\/01\/sophie-renac-qui-suis-je-150x150.jpg 150w, https:\/\/sophie-soins-energetiques-cannes.com\/wp-content\/uploads\/2025\/01\/sophie-renac-qui-suis-je-45x45.jpg 45w, https:\/\/sophie-soins-energetiques-cannes.com\/wp-content\/uploads\/2025\/01\/sophie-renac-qui-suis-je-100x100.jpg 100w\" sizes=\"(max-width: 250px) 100vw, 250px\" \/>\t\t\t\t\t\t\t\t\t\t\t\t\t\t\t<\/div>\n\t\t\t\t<\/div>\n\t\t\t\t<\/div>\n\t\t<div class=\"elementor-element elementor-element-3e99e0f e-con-full e-flex e-con e-child\" data-id=\"3e99e0f\" data-element_type=\"container\" data-e-type=\"container\">\n\t\t\t\t<div class=\"elementor-element elementor-element-a38993a elementor-widget elementor-widget-text-editor\" data-id=\"a38993a\" data-element_type=\"widget\" data-e-type=\"widget\" data-widget_type=\"text-editor.default\">\n\t\t\t\t<div class=\"elementor-widget-container\">\n\t\t\t\t\t\t\t\t\t<p>Apr\u00e8s de <strong>nombreuses formations en soins \u00e9nerg\u00e9tiques<\/strong>, un voyage en Mongolie, au contact de chamanes Mongols, m\u2019a permis de faire \u00e9voluer mes comp\u00e9tences et d&rsquo;optimiser l\u2019efficacit\u00e9 de mes techniques. Ce p\u00e8lerinage m\u2019a permis de me reconnecter \u00e0 mes propres \u00e9nergies ainsi qu\u2019\u00e0 celles que la nature nous offre g\u00e9n\u00e9reusement.<\/p><p style=\"text-align: center;\"><em><strong>Cela me donne la possibilit\u00e9 de les mettre pleinement \u00e0 votre service.<\/strong><\/em><\/p><p>Toujours dans la recherche de me parfaire, je mets r\u00e9guli\u00e8rement \u00e0 jour mes connaissances pour approfondir et affiner mes techniques.<\/p>\t\t\t\t\t\t\t\t<\/div>\n\t\t\t\t<\/div>\n\t\t\t\t<div class=\"elementor-element elementor-element-c032110 elementor-widget elementor-widget-heading\" data-id=\"c032110\" data-element_type=\"widget\" data-e-type=\"widget\" data-widget_type=\"heading.default\">\n\t\t\t\t<div class=\"elementor-widget-container\">\n\t\t\t\t\t<h3 class=\"elementor-heading-title elementor-size-default\">Mon approche<\/h3>\t\t\t\t<\/div>\n\t\t\t\t<\/div>\n\t\t\t\t<div class=\"elementor-element elementor-element-e3bbd63 elementor-widget elementor-widget-text-editor\" data-id=\"e3bbd63\" data-element_type=\"widget\" data-e-type=\"widget\" data-widget_type=\"text-editor.default\">\n\t\t\t\t<div class=\"elementor-widget-container\">\n\t\t\t\t\t\t\t\t\t<p><strong>Je vous accompagne et vous aide en compl\u00e9ment de la m\u00e9decine allopathique<\/strong> pour soulager vos maux du quotidien qu\u2019ils soient d\u2019ordre physique, mental ou \u00e9motionnel. J\u2019utiliserai la technique qui correspond au mieux \u00e0 votre besoin du moment.<\/p><p><strong>Si les canaux \u00e9nerg\u00e9tiques sont bloqu\u00e9s, l\u2019\u00e9nergie de force de vie a du mal \u00e0 circuler, nous ressentons des difficult\u00e9s pour aller de l\u2019avant, des doutes\u2026<br \/><\/strong><br \/>Tourn\u00e9e vers l\u2019humain et le partage, je r\u00e9\u00e9quilibre et harmonise le corps, l\u2019esprit et l\u2019\u00e2me. Avec \u00e9coute, humilit\u00e9, patience et compr\u00e9hension, je canaliserai pour vous les \u00e9nergies que je re\u00e7ois pour vous les distribuer avec amour et bienveillance.<\/p><p style=\"text-align: center;\"><em><strong>Votre apaisement et votre bien \u00eatre sont pour moi essentiels.<\/strong><\/em><\/p>\t\t\t\t\t\t\t\t<\/div>\n\t\t\t\t<\/div>\n\t\t\t\t<div class=\"elementor-element elementor-element-2bcfafa elementor-widget elementor-widget-text-editor\" data-id=\"2bcfafa\" data-element_type=\"widget\" data-e-type=\"widget\" data-widget_type=\"text-editor.default\">\n\t\t\t\t<div class=\"elementor-widget-container\">\n\t\t\t\t\t\t\t\t\t<p>J&rsquo;aide \u00e0 la gestion et au r\u00e9\u00e9quilibrage des \u00e9nergies vitales circulant dans le corps pour \u00e9viter une stagnation ou l&rsquo;apparition d&rsquo;un dysfonctionnement physiologique voire une maladie. J&rsquo;aide les personnes qui souffrent de douleurs \u00e9motionnelles ou physiques en compl\u00e9mentarit\u00e9 des soins allopathiques de votre m\u00e9decin.<\/p><p>Pour ceux qui ont besoin d&rsquo;\u00eatre \u00e9cout\u00e9s, accompagn\u00e9s et guid\u00e9s dans un profond respect de vos valeurs.<\/p><p style=\"text-align: center;\"><em><strong>Avec \u00e9coute, empathie, humilit\u00e9 et bienveillance,<br \/><\/strong><\/em><strong><i>l<\/i>es soins \u00e9nerg\u00e9tiques d\u00e9nouent les blocages et r\u00e9-harmonisent.<br \/><\/strong>Ils permettent le recentrage et la remise en forme.<\/p>\t\t\t\t\t\t\t\t<\/div>\n\t\t\t\t<\/div>\n\t\t\t\t<\/div>\n\t\t\t\t\t<\/div>\n\t\t\t\t<\/div>\n\t\t<div class=\"elementor-element elementor-element-dd783fc e-flex e-con-boxed e-con e-parent\" data-id=\"dd783fc\" data-element_type=\"container\" data-e-type=\"container\">\n\t\t\t\t\t<div class=\"e-con-inner\">\n\t\t<div class=\"elementor-element elementor-element-f187209 e-con-full e-flex e-con e-child\" data-id=\"f187209\" data-element_type=\"container\" data-e-type=\"container\">\n\t\t\t\t<div class=\"elementor-element elementor-element-6fec51b elementor-widget elementor-widget-text-editor\" data-id=\"6fec51b\" data-element_type=\"widget\" data-e-type=\"widget\" data-widget_type=\"text-editor.default\">\n\t\t\t\t<div class=\"elementor-widget-container\">\n\t\t\t\t\t\t\t\t\t<p><em>Un lien de confiance est n\u00e9cessaire, vous me communiquez vos attentes, vos doutes et avec empathie, compr\u00e9hension, sans jugement et en compl\u00e9ment de votre m\u00e9decin, je vous accompagne vers un mieux \u00eatre.<\/em><\/p><p>Prendre soin de ses \u00e9motions, de ses ressentis est important ; <strong>il faut soigner l\u2019\u00e9th\u00e9rique avant qu&rsquo; il y ait un impact sur le physique.<\/strong><\/p><p>Nos \u00e9motions, peurs, doutes peuvent cr\u00e9er un impact sur notre corps et la maladie peut se d\u00e9velopper. Trouver la cause \u00e9motionnelle qui d\u00e9clenchent les maux du corps afin de s&rsquo; en lib\u00e9rer.<\/p>\t\t\t\t\t\t\t\t<\/div>\n\t\t\t\t<\/div>\n\t\t\t\t<\/div>\n\t\t<div class=\"elementor-element elementor-element-edc3618 e-con-full e-flex e-con e-child\" data-id=\"edc3618\" data-element_type=\"container\" data-e-type=\"container\">\n\t\t\t\t<div class=\"elementor-element elementor-element-7739666 elementor-widget elementor-widget-image\" data-id=\"7739666\" data-element_type=\"widget\" data-e-type=\"widget\" data-widget_type=\"image.default\">\n\t\t\t\t<div class=\"elementor-widget-container\">\n\t\t\t\t\t\t\t\t\t\t\t\t\t\t\t<img decoding=\"async\" width=\"90\" height=\"300\" src=\"https:\/\/sophie-soins-energetiques-cannes.com\/wp-content\/uploads\/2025\/01\/sophie-renac-magnetisme-cranien-harmonie-90x300.jpg\" class=\"attachment-medium size-medium wp-image-289\" alt=\"Sophie Renac face \u00e0 la mer\" srcset=\"https:\/\/sophie-soins-energetiques-cannes.com\/wp-content\/uploads\/2025\/01\/sophie-renac-magnetisme-cranien-harmonie-90x300.jpg 90w, https:\/\/sophie-soins-energetiques-cannes.com\/wp-content\/uploads\/2025\/01\/sophie-renac-magnetisme-cranien-harmonie.jpg 120w\" sizes=\"(max-width: 90px) 100vw, 90px\" \/>\t\t\t\t\t\t\t\t\t\t\t\t\t\t\t<\/div>\n\t\t\t\t<\/div>\n\t\t\t\t<\/div>\n\t\t\t\t\t<\/div>\n\t\t\t\t<\/div>\n\t\t<div class=\"elementor-element elementor-element-c1282b9 e-flex e-con-boxed e-con e-parent\" data-id=\"c1282b9\" data-element_type=\"container\" data-e-type=\"container\">\n\t\t\t\t\t<div class=\"e-con-inner\">\n\t\t\t\t<div class=\"elementor-element elementor-element-9c322fc elementor-widget elementor-widget-heading\" data-id=\"9c322fc\" data-element_type=\"widget\" data-e-type=\"widget\" data-widget_type=\"heading.default\">\n\t\t\t\t<div class=\"elementor-widget-container\">\n\t\t\t\t\t<h4 class=\"elementor-heading-title elementor-size-default\">Remerciements<\/h4>\t\t\t\t<\/div>\n\t\t\t\t<\/div>\n\t\t\t\t<div class=\"elementor-element elementor-element-c1ccf42 elementor-widget elementor-widget-text-editor\" data-id=\"c1ccf42\" data-element_type=\"widget\" data-e-type=\"widget\" data-widget_type=\"text-editor.default\">\n\t\t\t\t<div class=\"elementor-widget-container\">\n\t\t\t\t\t\t\t\t\t<p><em>Je tiens \u00e0 remercier Sandra Galante et Sandrine Muller pour leur expertise et leurs conseils durant mes formations, <a href=\"http:\/\/jehanphoto.com\" target=\"_blank\" rel=\"noopener\">Jehan Lerin<\/a> (Photographe). <\/em><em>Merci aussi \u00e0 toutes les personnes qui m&rsquo;ont accompagn\u00e9e et suivie dans mon cheminement. Elles se reconna\u00eetront.\u00a0<\/em><\/p>\t\t\t\t\t\t\t\t<\/div>\n\t\t\t\t<\/div>\n\t\t\t\t\t<\/div>\n\t\t\t\t<\/div>\n\t\t\t\t<\/div>\n\t\t","protected":false},"excerpt":{"rendered":"<p>Sophie Renac Qui suis-je ? Je suis Sophie RENAC, th\u00e9rapeute \u00e9nerg\u00e9ticienne et chamanique sp\u00e9cialis\u00e9e en magn\u00e9tisme, radiesth\u00e9sie, coupure de feu et rituels. Attir\u00e9e depuis mon&hellip;<\/p>\n","protected":false},"author":1,"featured_media":0,"parent":0,"menu_order":0,"comment_status":"closed","ping_status":"closed","template":"","meta":{"om_disable_all_campaigns":false,"_monsterinsights_skip_tracking":false,"_monsterinsights_sitenote_active":false,"_monsterinsights_sitenote_note":"","_monsterinsights_sitenote_category":0,"footnotes":""},"class_list":["post-108","page","type-page","status-publish","hentry"],"aioseo_notices":[],"_links":{"self":[{"href":"https:\/\/sophie-soins-energetiques-cannes.com\/index.php\/wp-json\/wp\/v2\/pages\/108","targetHints":{"allow":["GET"]}}],"collection":[{"href":"https:\/\/sophie-soins-energetiques-cannes.com\/index.php\/wp-json\/wp\/v2\/pages"}],"about":[{"href":"https:\/\/sophie-soins-energetiques-cannes.com\/index.php\/wp-json\/wp\/v2\/types\/page"}],"author":[{"embeddable":true,"href":"https:\/\/sophie-soins-energetiques-cannes.com\/index.php\/wp-json\/wp\/v2\/users\/1"}],"replies":[{"embeddable":true,"href":"https:\/\/sophie-soins-energetiques-cannes.com\/index.php\/wp-json\/wp\/v2\/comments?post=108"}],"version-history":[{"count":73,"href":"https:\/\/sophie-soins-energetiques-cannes.com\/index.php\/wp-json\/wp\/v2\/pages\/108\/revisions"}],"predecessor-version":[{"id":847,"href":"https:\/\/sophie-soins-energetiques-cannes.com\/index.php\/wp-json\/wp\/v2\/pages\/108\/revisions\/847"}],"wp:attachment":[{"href":"https:\/\/sophie-soins-energetiques-cannes.com\/index.php\/wp-json\/wp\/v2\/media?parent=108"}],"curies":[{"name":"wp","href":"https:\/\/api.w.org\/{rel}","templated":true}]}}